{"id":27,"date":"2025-02-08T11:05:42","date_gmt":"2025-02-08T10:05:42","guid":{"rendered":"https:\/\/irisbeaute.fr\/index.php\/front_page\/"},"modified":"2025-04-22T16:46:41","modified_gmt":"2025-04-22T14:46:41","slug":"accueil","status":"publish","type":"page","link":"https:\/\/irisbeaute.fr\/","title":{"rendered":"Accueil"},"content":{"rendered":"\n\n\n\nNulla molestie metus tempor erat accumn, sit amet neque hendrerit.\n\n\n\n\n\n\n\n\n\n\n\n\n\n\n\n\n\n\n\n\n\n\n\n\n\nAbout us\n\n\n\nLorem ipsum dolor sit amet, consectetur adipiscing elit.\n\n\n\nCras sollicitudin sem et mollis consectetur. Pellentesque ultricies, diam id vestibulum dictum, risus eros, non rutrum leo risus. Sed volutpat auctor neque eu semper.\n\n\n\nNunc tincidunt eros arcu, ut sodales ipsum tempus eu. Curabitur vitae orci sodales, egestas diam eget, ultricies rhoncus dictum ullamcorper.\n\n\n\n\n\n\n\n\n\n\n\n\n\nservices\n\n\n\nA few things we are very good at\n\n\n\n\n\nPhasellus luctus lobortis porta. Nulla molestie metus tempor erat accumsan, sit amet hendrerit. Nunc scelerisque nibh mauris, at congue velit condimentum in.\n\n\n\n\ncontact us\n\n\n\n\n\n\n\n\n\n\n\n\n\n\nDesign\n\n\n\n\n\n\n\n\n\n\n\n\n\n\n\n\n\nMarketing\n\n\n\n\n\n\n\n\n\n\n\n\n\n\n\n\n\nDevelopment\n\n\n\n\n\n\n\n\n\n\n\n\n\n\n\n\n\nDigital storytellers\n\n\n\nMaecenas nec egestas neque. Nullam vel massa finibus, laoreet urna nec, scelerisque neque. Morbi rutrum ex a volutpat dignissim. Nulla dictum eu tortor in commodo. Duis a dui at dolor hendrerit vel ut purus.\n\n\n\n\nNulla in varius nulla, at aliquet ante\n\n\n\nCras sollicitudin ullamcorpersem\n\n\n\nPraesent tempus quam blandit\n\n\n\nDonec non magna, a lacinia velit\n\n\n\n\n\n\n\n\n\n\nPortfolio\n\n\n\nMaecenas nec egestas neque. Nullam vel massa finibus, laoreet urna nec, scelerisque neque. Morbi rutrum ex a volutpat dignissim. Nulla dictum eu tortor in commodo.\n\n\n\n\n\n\n\n\n\n\n\nProject 1\n\n\n\n\n\n\n\n\n\n\n\n\n\n\n\nProject 2\n\n\n\n\n\n\n\n\n\n\n\n\n\n\n\nProject 3\n\n\n\n\n\n\n\n\n\n\n\n\n\n\n\nProject 4\n\n\n\n\n\n\n\n\n\n\n\n\n\n\n\nPrinciples &amp; values\n\n\n\nDown to every <br>last detail\n\n\n\nMaecenas nec egestas neque. Nullam vel massa finibus, laoreet urna nec, scelerisque neque. Morbi rutrum ex a volutpat dignissim. Nulla dictum eu tortor in commodo. Duis a dui at dolor accumsan hendrerit vel ut purus. Ut nec nisl fringilla, egestas erat ut, blandit mi. Ut lobortis elementum aliquam.&nbsp;Donec maximus sit amet dolor et commodo.\n\n\n\n\ncontact us\n\n\n\n\n\n\n\n\n\n\nTestimonials\n\n\n\nReviews from our clients\n\n\n\nLorem ipsum dolor sit amet, at mei dolore tritani repudiandae. In his nemore vim ad prima vivendum. Viderer feugiat at pro, mea aperiam.\n\n\n\n\n\n\n\n\n\n\n\n\n\nJane Doe\n\n\n\n\n\n\n\n\n\n\n\n\n\n\n\nLorem ipsum dolor sit amet, consectetur adipiscing elit. Ut ornare mollis justo vel vestibulum. Quisque malesuada ac sem in tincidunt. Fusce suscipit leo ut lorem iaculis, vitae tincidunt justo elementum.\n\n\n\nUt nec nisl fringilla, egestas erat ut, blandit mi. Ut lobortis elementum aliquam.&nbsp;Donec maximus sit amet dolor et commodo.\n\n\n\n\n\n\n\n\n\n\n\nMichael Smith\n\n\n\n\n\n\n\n\n\n\n\n\n\n\n\nIn his nemore temporibus consequuntur, vim ad prima vivendum consetetur. Viderer feugiat at pro, mea aperiam.\n\n\n\n\n\n\n\n\n\n\n\nSamatha Moore\n\n\n\n\n\n\n\n\n\n\n\n\n\n\n\nDolor sit amet, at mei dolore tritani repudiandae. In his nemore temporibus consequuntur, vim ad prima. Viderer feugiat at pro, mea aperiam.\n\n\n\n\n\n\n\n\n\n\n\nMake your business&nbsp;stand out!\n\n\n\nLorem ipsum dolor sit amet, at mei dolore tritani repudiandae. In his nemore temporibus consequuntur, vim ad prima vivendum. Viderer feugiat at pro, mea aperiam.\n\n\n\n\nGet started today\n\n\n\n\n\n\n\n\n\n\nTeam\n\n\n\nMaecenas nec egestas neque. Nullam vel massa finibus, laoreet urna nec, scelerisque neque. Morbi rutrum ex a volutpat dignissim. Nulla dictum eu tortor in commodo.\n\n\n\n\n\n\n\n\n\nIsla Daniels\n\n\n\nFounder\n\n\n\nPhasellus luctus lobortis porta. Nulla molestie metus tempor erat accum, sit amet commodo neque hendrerit.\n\n\n\n\n\n\n\n\n\n\n\n\n\n\n\nIsla Daniels\n\n\n\nfull stack developer\n\n\n\nPhasellus luctus lobortis porta. Nulla molestie metus tempor erat accum, sit amet commodo neque hendrerit.\n\n\n\n\n\n\n\n\n\n\n\n\n\n\n\nIsla Daniels\n\n\n\naccountant\n\n\n\nPhasellus luctus lobortis porta. Nulla molestie metus tempor erat accum, sit amet commodo neque hendrerit.\n\n\n\n\n\n\n\n\n\n\n\n\n\n\n\nIsla Daniels\n\n\n\nproject manager\n\n\n\nPhasellus luctus lobortis porta. Nulla molestie metus tempor erat accum, sit amet commodo neque hendrerit.\n\n\n\n\n\n\n\n\n\n\n\n\n\n\n\n\n\nRecent news\n\n\n\n\n\n\n\n\n\n\n\n\n\n\n\n\n\n\n\n\n\n\n\n\nRead more\n\n\n\n\n\n\n\n\n\n\n\n\n\n\n\n\nContact us\n\n\n\n\n\n\n\n\n\nphone\n\n\n\n754-245-1282\n\n\n\n\n\n\n\n\n\n\n\nemail\n\n\n\nexample@email.com\n\n\n\n\n\n\n\n\n\n\n\naddress\n\n\n\nSun Valley Road, NY\n\n\n\n\n\n\n\n\n\n\n\nsocial media\n\n\n\n\n\n\n\n\n\n\n\n\n\n\n\n\n\n\n\n","protected":false},"excerpt":{"rendered":"","protected":false},"author":1,"featured_media":0,"parent":0,"menu_order":0,"comment_status":"closed","ping_status":"closed","template":"","meta":{"footnotes":""},"class_list":["post-27","page","type-page","status-publish","hentry"],"yoast_head":"<!-- This site is optimized with the Yoast SEO plugin v27.5 - https:\/\/yoast.com\/product\/yoast-seo-wordpress\/ -->\n<title>Accueil - Institut de beaut\u00e9 B\u00e9darrides<\/title>\n<meta name=\"description\" content=\"D\u00e9couvrez l&#039;Institut Iris Beaut\u00e9 \u00e0 B\u00e9darrides : soins visage et corps avec les produits Yon-Ka, \u00e9pilations, manucures et moments de d\u00e9tente.\u200b\" \/>\n<meta name=\"robots\" content=\"index, follow, max-snippet:-1, max-image-preview:large, max-video-preview:-1\" \/>\n<link rel=\"canonical\" href=\"https:\/\/irisbeaute.fr\/\" \/>\n<meta property=\"og:locale\" content=\"en_US\" \/>\n<meta property=\"og:type\" content=\"article\" \/>\n<meta property=\"og:title\" content=\"Accueil - Institut de beaut\u00e9 B\u00e9darrides\" \/>\n<meta property=\"og:description\" content=\"D\u00e9couvrez l&#039;Institut Iris Beaut\u00e9 \u00e0 B\u00e9darrides : soins visage et corps avec les produits Yon-Ka, \u00e9pilations, manucures et moments de d\u00e9tente.\u200b\" \/>\n<meta property=\"og:url\" content=\"https:\/\/irisbeaute.fr\/\" \/>\n<meta property=\"og:site_name\" content=\"Institut Iris Beaut\u00e9\" \/>\n<meta property=\"article:modified_time\" content=\"2025-04-22T14:46:41+00:00\" \/>\n<meta name=\"twitter:card\" content=\"summary_large_image\" \/>\n<meta name=\"twitter:label1\" content=\"Est. reading time\" \/>\n\t<meta name=\"twitter:data1\" content=\"3 minutes\" \/>\n<script type=\"application\/ld+json\" class=\"yoast-schema-graph\">{\"@context\":\"https:\\\/\\\/schema.org\",\"@graph\":[{\"@type\":\"WebPage\",\"@id\":\"https:\\\/\\\/irisbeaute.fr\\\/\",\"url\":\"https:\\\/\\\/irisbeaute.fr\\\/\",\"name\":\"Accueil - Institut de beaut\u00e9 B\u00e9darrides\",\"isPartOf\":{\"@id\":\"https:\\\/\\\/irisbeaute.fr\\\/#website\"},\"datePublished\":\"2025-02-08T10:05:42+00:00\",\"dateModified\":\"2025-04-22T14:46:41+00:00\",\"description\":\"D\u00e9couvrez l'Institut Iris Beaut\u00e9 \u00e0 B\u00e9darrides : soins visage et corps avec les produits Yon-Ka, \u00e9pilations, manucures et moments de d\u00e9tente.\u200b\",\"breadcrumb\":{\"@id\":\"https:\\\/\\\/irisbeaute.fr\\\/#breadcrumb\"},\"inLanguage\":\"en-US\",\"potentialAction\":[{\"@type\":\"ReadAction\",\"target\":[\"https:\\\/\\\/irisbeaute.fr\\\/\"]}]},{\"@type\":\"BreadcrumbList\",\"@id\":\"https:\\\/\\\/irisbeaute.fr\\\/#breadcrumb\",\"itemListElement\":[{\"@type\":\"ListItem\",\"position\":1,\"name\":\"Accueil\",\"item\":\"https:\\\/\\\/irisbeaute.fr\\\/\"},{\"@type\":\"ListItem\",\"position\":2,\"name\":\"Accueil\"}]},{\"@type\":\"WebSite\",\"@id\":\"https:\\\/\\\/irisbeaute.fr\\\/#website\",\"url\":\"https:\\\/\\\/irisbeaute.fr\\\/\",\"name\":\"Institut Iris Beaut\u00e9\",\"description\":\"Institut de beaut\u00e9 \u00e0 B\u00e9darrides\",\"publisher\":{\"@id\":\"https:\\\/\\\/irisbeaute.fr\\\/#organization\"},\"potentialAction\":[{\"@type\":\"SearchAction\",\"target\":{\"@type\":\"EntryPoint\",\"urlTemplate\":\"https:\\\/\\\/irisbeaute.fr\\\/?s={search_term_string}\"},\"query-input\":{\"@type\":\"PropertyValueSpecification\",\"valueRequired\":true,\"valueName\":\"search_term_string\"}}],\"inLanguage\":\"en-US\"},{\"@type\":\"Organization\",\"@id\":\"https:\\\/\\\/irisbeaute.fr\\\/#organization\",\"name\":\"Institut Iris Beaut\u00e9\",\"url\":\"https:\\\/\\\/irisbeaute.fr\\\/\",\"logo\":{\"@type\":\"ImageObject\",\"inLanguage\":\"en-US\",\"@id\":\"https:\\\/\\\/irisbeaute.fr\\\/#\\\/schema\\\/logo\\\/image\\\/\",\"url\":\"https:\\\/\\\/irisbeaute.fr\\\/wp-content\\\/uploads\\\/2025\\\/02\\\/logo-iris-beaute.png\",\"contentUrl\":\"https:\\\/\\\/irisbeaute.fr\\\/wp-content\\\/uploads\\\/2025\\\/02\\\/logo-iris-beaute.png\",\"width\":500,\"height\":500,\"caption\":\"Institut Iris Beaut\u00e9\"},\"image\":{\"@id\":\"https:\\\/\\\/irisbeaute.fr\\\/#\\\/schema\\\/logo\\\/image\\\/\"}}]}<\/script>\n<!-- \/ Yoast SEO plugin. -->","yoast_head_json":{"title":"Accueil - Institut de beaut\u00e9 B\u00e9darrides","description":"D\u00e9couvrez l'Institut Iris Beaut\u00e9 \u00e0 B\u00e9darrides : soins visage et corps avec les produits Yon-Ka, \u00e9pilations, manucures et moments de d\u00e9tente.\u200b","robots":{"index":"index","follow":"follow","max-snippet":"max-snippet:-1","max-image-preview":"max-image-preview:large","max-video-preview":"max-video-preview:-1"},"canonical":"https:\/\/irisbeaute.fr\/","og_locale":"en_US","og_type":"article","og_title":"Accueil - Institut de beaut\u00e9 B\u00e9darrides","og_description":"D\u00e9couvrez l'Institut Iris Beaut\u00e9 \u00e0 B\u00e9darrides : soins visage et corps avec les produits Yon-Ka, \u00e9pilations, manucures et moments de d\u00e9tente.\u200b","og_url":"https:\/\/irisbeaute.fr\/","og_site_name":"Institut Iris Beaut\u00e9","article_modified_time":"2025-04-22T14:46:41+00:00","twitter_card":"summary_large_image","twitter_misc":{"Est. reading time":"3 minutes"},"schema":{"@context":"https:\/\/schema.org","@graph":[{"@type":"WebPage","@id":"https:\/\/irisbeaute.fr\/","url":"https:\/\/irisbeaute.fr\/","name":"Accueil - Institut de beaut\u00e9 B\u00e9darrides","isPartOf":{"@id":"https:\/\/irisbeaute.fr\/#website"},"datePublished":"2025-02-08T10:05:42+00:00","dateModified":"2025-04-22T14:46:41+00:00","description":"D\u00e9couvrez l'Institut Iris Beaut\u00e9 \u00e0 B\u00e9darrides : soins visage et corps avec les produits Yon-Ka, \u00e9pilations, manucures et moments de d\u00e9tente.\u200b","breadcrumb":{"@id":"https:\/\/irisbeaute.fr\/#breadcrumb"},"inLanguage":"en-US","potentialAction":[{"@type":"ReadAction","target":["https:\/\/irisbeaute.fr\/"]}]},{"@type":"BreadcrumbList","@id":"https:\/\/irisbeaute.fr\/#breadcrumb","itemListElement":[{"@type":"ListItem","position":1,"name":"Accueil","item":"https:\/\/irisbeaute.fr\/"},{"@type":"ListItem","position":2,"name":"Accueil"}]},{"@type":"WebSite","@id":"https:\/\/irisbeaute.fr\/#website","url":"https:\/\/irisbeaute.fr\/","name":"Institut Iris Beaut\u00e9","description":"Institut de beaut\u00e9 \u00e0 B\u00e9darrides","publisher":{"@id":"https:\/\/irisbeaute.fr\/#organization"},"potentialAction":[{"@type":"SearchAction","target":{"@type":"EntryPoint","urlTemplate":"https:\/\/irisbeaute.fr\/?s={search_term_string}"},"query-input":{"@type":"PropertyValueSpecification","valueRequired":true,"valueName":"search_term_string"}}],"inLanguage":"en-US"},{"@type":"Organization","@id":"https:\/\/irisbeaute.fr\/#organization","name":"Institut Iris Beaut\u00e9","url":"https:\/\/irisbeaute.fr\/","logo":{"@type":"ImageObject","inLanguage":"en-US","@id":"https:\/\/irisbeaute.fr\/#\/schema\/logo\/image\/","url":"https:\/\/irisbeaute.fr\/wp-content\/uploads\/2025\/02\/logo-iris-beaute.png","contentUrl":"https:\/\/irisbeaute.fr\/wp-content\/uploads\/2025\/02\/logo-iris-beaute.png","width":500,"height":500,"caption":"Institut Iris Beaut\u00e9"},"image":{"@id":"https:\/\/irisbeaute.fr\/#\/schema\/logo\/image\/"}}]}},"_links":{"self":[{"href":"https:\/\/irisbeaute.fr\/index.php\/wp-json\/wp\/v2\/pages\/27","targetHints":{"allow":["GET"]}}],"collection":[{"href":"https:\/\/irisbeaute.fr\/index.php\/wp-json\/wp\/v2\/pages"}],"about":[{"href":"https:\/\/irisbeaute.fr\/index.php\/wp-json\/wp\/v2\/types\/page"}],"author":[{"embeddable":true,"href":"https:\/\/irisbeaute.fr\/index.php\/wp-json\/wp\/v2\/users\/1"}],"replies":[{"embeddable":true,"href":"https:\/\/irisbeaute.fr\/index.php\/wp-json\/wp\/v2\/comments?post=27"}],"version-history":[{"count":2,"href":"https:\/\/irisbeaute.fr\/index.php\/wp-json\/wp\/v2\/pages\/27\/revisions"}],"predecessor-version":[{"id":297,"href":"https:\/\/irisbeaute.fr\/index.php\/wp-json\/wp\/v2\/pages\/27\/revisions\/297"}],"wp:attachment":[{"href":"https:\/\/irisbeaute.fr\/index.php\/wp-json\/wp\/v2\/media?parent=27"}],"curies":[{"name":"wp","href":"https:\/\/api.w.org\/{rel}","templated":true}]}}